{"id":131,"date":"2017-10-06T13:31:27","date_gmt":"2017-10-06T11:31:27","guid":{"rendered":"http:\/\/www.zirkel-guetersloh.de\/?page_id=131"},"modified":"2024-03-21T13:00:41","modified_gmt":"2024-03-21T12:00:41","slug":"aus-und-weiterbildung","status":"publish","type":"page","link":"https:\/\/www.zirkel-guetersloh.de\/index.php\/arbeiten-beim-zirkel\/aus-und-weiterbildung\/","title":{"rendered":"Ausbildung und Praktika"},"content":{"rendered":"\t\t<div data-elementor-type=\"wp-page\" data-elementor-id=\"131\" class=\"elementor elementor-131\">\n\t\t\t\t<div class=\"aux-parallax-section elementor-element elementor-element-928ea19 e-con-full e-flex e-con e-parent\" data-id=\"928ea19\" data-element_type=\"container\" data-e-type=\"container\" data-settings=\"{&quot;background_background&quot;:&quot;classic&quot;,&quot;_ob_use_container_extras&quot;:&quot;no&quot;,&quot;_ob_column_hoveranimator&quot;:&quot;no&quot;,&quot;_ob_glider_is_slider&quot;:&quot;no&quot;,&quot;_ob_column_has_pseudo&quot;:&quot;no&quot;}\">\n\t\t\t\t<\/div>\n\t\t\t\t<section class=\"elementor-section elementor-top-section elementor-element elementor-element-52b88f2e elementor-section-boxed elementor-section-height-default elementor-section-height-default\" data-id=\"52b88f2e\" data-element_type=\"section\" data-e-type=\"section\" data-settings=\"{&quot;_ob_glider_is_slider&quot;:&quot;no&quot;}\">\n\t\t\t\t\t\t<div class=\"elementor-container elementor-column-gap-default\">\n\t\t\t\t\t<div class=\"aux-parallax-section elementor-column elementor-col-100 elementor-top-column elementor-element elementor-element-2e7119af\" data-id=\"2e7119af\" data-element_type=\"column\" data-e-type=\"column\" data-settings=\"{&quot;_ob_column_hoveranimator&quot;:&quot;no&quot;,&quot;_ob_column_has_pseudo&quot;:&quot;no&quot;}\">\n\t\t\t<div class=\"elementor-widget-wrap elementor-element-populated\">\n\t\t\t\t\t\t<div class=\"elementor-element elementor-element-25fc4a19 ob-has-background-overlay elementor-widget elementor-widget-spacer\" data-id=\"25fc4a19\" data-element_type=\"widget\" data-e-type=\"widget\" data-settings=\"{&quot;_ob_spacerat_use&quot;:&quot;no&quot;,&quot;_ob_widget_stalker_use&quot;:&quot;no&quot;,&quot;_ob_poopart_use&quot;:&quot;yes&quot;,&quot;_ob_shadough_use&quot;:&quot;no&quot;,&quot;_ob_allow_hoveranimator&quot;:&quot;no&quot;}\" data-widget_type=\"spacer.default\">\n\t\t\t\t<div class=\"elementor-widget-container\">\n\t\t\t\t\t\t\t<div class=\"elementor-spacer\">\n\t\t\t<div class=\"elementor-spacer-inner\"><\/div>\n\t\t<\/div>\n\t\t\t\t\t\t<\/div>\n\t\t\t\t<\/div>\n\t\t\t\t\t<\/div>\n\t\t<\/div>\n\t\t\t\t\t<\/div>\n\t\t<\/section>\n\t\t<div class=\"aux-parallax-section elementor-element elementor-element-63a0abf e-flex e-con-boxed e-con e-parent\" data-id=\"63a0abf\" data-element_type=\"container\" data-e-type=\"container\" data-settings=\"{&quot;_ob_use_container_extras&quot;:&quot;no&quot;,&quot;_ob_column_hoveranimator&quot;:&quot;no&quot;,&quot;_ob_glider_is_slider&quot;:&quot;no&quot;,&quot;_ob_column_has_pseudo&quot;:&quot;no&quot;}\">\n\t\t\t\t\t<div class=\"e-con-inner\">\n\t\t<div class=\"elementor-element elementor-element-252fe9a e-con-full e-flex e-con e-child\" data-id=\"252fe9a\" data-element_type=\"container\" data-e-type=\"container\" data-settings=\"{&quot;_ob_use_container_extras&quot;:&quot;no&quot;,&quot;_ob_column_hoveranimator&quot;:&quot;no&quot;,&quot;_ob_glider_is_slider&quot;:&quot;no&quot;,&quot;_ob_column_has_pseudo&quot;:&quot;no&quot;}\">\n\t\t\t\t<div class=\"elementor-element elementor-element-5b5daa6 ob-harakiri-inherit ob-has-background-overlay elementor-widget elementor-widget-heading\" data-id=\"5b5daa6\" data-element_type=\"widget\" data-e-type=\"widget\" data-settings=\"{&quot;_ob_use_harakiri&quot;:&quot;yes&quot;,&quot;_ob_harakiri_writing_mode&quot;:&quot;inherit&quot;,&quot;_ob_harakiri_text_clip&quot;:&quot;none&quot;,&quot;_ob_widget_stalker_use&quot;:&quot;no&quot;,&quot;_ob_poopart_use&quot;:&quot;yes&quot;,&quot;_ob_shadough_use&quot;:&quot;no&quot;,&quot;_ob_allow_hoveranimator&quot;:&quot;no&quot;}\" data-widget_type=\"heading.default\">\n\t\t\t\t<div class=\"elementor-widget-container\">\n\t\t\t\t\t<h2 class=\"elementor-heading-title elementor-size-default\">Arbeiten beim Zirkel<\/h2>\t\t\t\t<\/div>\n\t\t\t\t<\/div>\n\t\t\t\t<div class=\"elementor-element elementor-element-ab75d5d ob-harakiri-inherit ob-has-background-overlay elementor-widget elementor-widget-heading\" data-id=\"ab75d5d\" data-element_type=\"widget\" data-e-type=\"widget\" data-settings=\"{&quot;_ob_use_harakiri&quot;:&quot;yes&quot;,&quot;_ob_harakiri_writing_mode&quot;:&quot;inherit&quot;,&quot;_ob_harakiri_text_clip&quot;:&quot;none&quot;,&quot;_ob_widget_stalker_use&quot;:&quot;no&quot;,&quot;_ob_poopart_use&quot;:&quot;yes&quot;,&quot;_ob_shadough_use&quot;:&quot;no&quot;,&quot;_ob_allow_hoveranimator&quot;:&quot;no&quot;}\" data-widget_type=\"heading.default\">\n\t\t\t\t<div class=\"elementor-widget-container\">\n\t\t\t\t\t<h2 class=\"elementor-heading-title elementor-size-medium\">Ausbildung und Praktikum<\/h2>\t\t\t\t<\/div>\n\t\t\t\t<\/div>\n\t\t\t\t<div class=\"elementor-element elementor-element-2f3ff34 ob-harakiri-inherit ob-has-background-overlay elementor-widget elementor-widget-text-editor\" data-id=\"2f3ff34\" data-element_type=\"widget\" data-e-type=\"widget\" data-settings=\"{&quot;_ob_use_harakiri&quot;:&quot;yes&quot;,&quot;_ob_harakiri_writing_mode&quot;:&quot;inherit&quot;,&quot;_ob_postman_use&quot;:&quot;no&quot;,&quot;_ob_widget_stalker_use&quot;:&quot;no&quot;,&quot;_ob_poopart_use&quot;:&quot;yes&quot;,&quot;_ob_shadough_use&quot;:&quot;no&quot;,&quot;_ob_allow_hoveranimator&quot;:&quot;no&quot;}\" data-widget_type=\"text-editor.default\">\n\t\t\t\t<div class=\"elementor-widget-container\">\n\t\t\t\t\t\t\t\t\t<p>In Zusammenarbeit mit verschiedenen Ausbildungsst\u00e4tten bilden wir Heilerziehungspfleger aus. Des Weiteren besteht die M\u00f6glichkeit, das Anerkennungsjahr im Rahmen der Ausbildung zum HEP und des Studiums der Sozialarbeit, Sozialp\u00e4dagogik und Heilp\u00e4dagogik zu leisten. Daneben bieten wir Praktikumspl\u00e4tze f\u00fcr viele Berufsgruppen an. Wir freuen uns stets \u00fcber engagierte Auszubildende und Praktikanten, die die Arbeit beim Zirkel kennenlernen und unterst\u00fctzen m\u00f6chten.<\/p><h4><br \/><strong>Haben Sie Interesse an einer Ausbildung oder einem Praktikum bei uns? <\/strong><\/h4><p>Wir freuen uns auf Ihre Bewerbung. Bitte richten Sie Ihre vollst\u00e4ndigen und aussagekr\u00e4ftigen Unterlagen an unsere Personalabteilung, Frau Janzen, per Mail an <a href=\"mailto:a.janzen@zirkel-gt.de\">a.janzen@zirkel-gt.de<\/a><\/p><p>oder an<\/p><p><strong>Zirkel Integration gGmbH<\/strong><br \/><strong>z.Hd. Frau Janzen<\/strong><br \/><strong>Saligmannsweg 52<\/strong><br \/><strong>33330 G\u00fctersloh<\/strong><\/p>\t\t\t\t\t\t\t\t<\/div>\n\t\t\t\t<\/div>\n\t\t\t\t<\/div>\n\t\t<div class=\"elementor-element elementor-element-6b00cbd e-con-full e-flex e-con e-child\" data-id=\"6b00cbd\" data-element_type=\"container\" data-e-type=\"container\" data-settings=\"{&quot;_ob_use_container_extras&quot;:&quot;no&quot;,&quot;_ob_column_hoveranimator&quot;:&quot;no&quot;,&quot;_ob_glider_is_slider&quot;:&quot;no&quot;,&quot;_ob_column_has_pseudo&quot;:&quot;no&quot;}\">\n\t\t\t\t<div class=\"elementor-element elementor-element-38fc42f ob-has-background-overlay elementor-widget elementor-widget-image\" data-id=\"38fc42f\" data-element_type=\"widget\" data-e-type=\"widget\" data-settings=\"{&quot;_ob_photomorph_use&quot;:&quot;no&quot;,&quot;_ob_widget_stalker_use&quot;:&quot;no&quot;,&quot;_ob_poopart_use&quot;:&quot;yes&quot;,&quot;_ob_shadough_use&quot;:&quot;no&quot;,&quot;_ob_allow_hoveranimator&quot;:&quot;no&quot;}\" data-widget_type=\"image.default\">\n\t\t\t\t<div class=\"elementor-widget-container\">\n\t\t\t\t\t\t\t\t\t\t\t\t\t\t\t<img fetchpriority=\"high\" decoding=\"async\" width=\"720\" height=\"960\" src=\"https:\/\/www.zirkel-guetersloh.de\/wp-content\/uploads\/2020\/10\/Ausbildung-und-Praktikum2.jpg\" class=\"attachment-full size-full wp-image-587\" alt=\"\" \/>\t\t\t\t\t\t\t\t\t\t\t\t\t\t\t<\/div>\n\t\t\t\t<\/div>\n\t\t\t\t<\/div>\n\t\t\t\t\t<\/div>\n\t\t\t\t<\/div>\n\t\t<div class=\"aux-parallax-section elementor-element elementor-element-ed3190a e-flex e-con-boxed e-con e-parent\" data-id=\"ed3190a\" data-element_type=\"container\" data-e-type=\"container\" data-settings=\"{&quot;_ob_use_container_extras&quot;:&quot;no&quot;,&quot;_ob_column_hoveranimator&quot;:&quot;no&quot;,&quot;_ob_glider_is_slider&quot;:&quot;no&quot;,&quot;_ob_column_has_pseudo&quot;:&quot;no&quot;}\">\n\t\t\t\t\t<div class=\"e-con-inner\">\n\t\t<div class=\"elementor-element elementor-element-42773c6 e-flex e-con-boxed e-con e-child\" data-id=\"42773c6\" data-element_type=\"container\" data-e-type=\"container\" data-settings=\"{&quot;_ob_use_container_extras&quot;:&quot;no&quot;,&quot;_ob_column_hoveranimator&quot;:&quot;no&quot;,&quot;_ob_glider_is_slider&quot;:&quot;no&quot;,&quot;_ob_column_has_pseudo&quot;:&quot;no&quot;}\">\n\t\t\t\t\t<div class=\"e-con-inner\">\n\t\t\t\t<div class=\"elementor-element elementor-element-7ca9aa5 ob-harakiri-inherit ob-has-background-overlay elementor-widget elementor-widget-text-editor\" data-id=\"7ca9aa5\" data-element_type=\"widget\" data-e-type=\"widget\" data-settings=\"{&quot;_ob_use_harakiri&quot;:&quot;yes&quot;,&quot;_ob_harakiri_writing_mode&quot;:&quot;inherit&quot;,&quot;_ob_postman_use&quot;:&quot;no&quot;,&quot;_ob_widget_stalker_use&quot;:&quot;no&quot;,&quot;_ob_poopart_use&quot;:&quot;yes&quot;,&quot;_ob_shadough_use&quot;:&quot;no&quot;,&quot;_ob_allow_hoveranimator&quot;:&quot;no&quot;}\" data-widget_type=\"text-editor.default\">\n\t\t\t\t<div class=\"elementor-widget-container\">\n\t\t\t\t\t\t\t\t\t<p>Wir freuen uns auch immer \u00fcber ehrenamtliche Helfer! Wenn Sie sich engagieren m\u00f6chten, rufen Sie uns an. Ihre Zeit ist beim Zirkel G\u00fctersloh sinnvoll eingesetzt!<br \/>Z\u00f6gern Sie nicht, wir freuen uns, Sie kennen zu lernen.<\/p>\t\t\t\t\t\t\t\t<\/div>\n\t\t\t\t<\/div>\n\t\t\t\t\t<\/div>\n\t\t\t\t<\/div>\n\t\t\t\t\t<\/div>\n\t\t\t\t<\/div>\n\t\t<div class=\"aux-parallax-section elementor-element elementor-element-7a86fc5 e-flex e-con-boxed e-con e-parent\" data-id=\"7a86fc5\" data-element_type=\"container\" data-e-type=\"container\" data-settings=\"{&quot;_ob_use_container_extras&quot;:&quot;no&quot;,&quot;_ob_column_hoveranimator&quot;:&quot;no&quot;,&quot;_ob_glider_is_slider&quot;:&quot;no&quot;,&quot;_ob_column_has_pseudo&quot;:&quot;no&quot;}\">\n\t\t\t\t\t<div class=\"e-con-inner\">\n\t\t\t\t<div class=\"elementor-element elementor-element-97d8035 ob-has-background-overlay elementor-widget elementor-widget-spacer\" data-id=\"97d8035\" data-element_type=\"widget\" data-e-type=\"widget\" data-settings=\"{&quot;_ob_spacerat_use&quot;:&quot;no&quot;,&quot;_ob_widget_stalker_use&quot;:&quot;no&quot;,&quot;_ob_poopart_use&quot;:&quot;yes&quot;,&quot;_ob_shadough_use&quot;:&quot;no&quot;,&quot;_ob_allow_hoveranimator&quot;:&quot;no&quot;}\" data-widget_type=\"spacer.default\">\n\t\t\t\t<div class=\"elementor-widget-container\">\n\t\t\t\t\t\t\t<div class=\"elementor-spacer\">\n\t\t\t<div class=\"elementor-spacer-inner\"><\/div>\n\t\t<\/div>\n\t\t\t\t\t\t<\/div>\n\t\t\t\t<\/div>\n\t\t\t\t\t<\/div>\n\t\t\t\t<\/div>\n\t\t\t\t<\/div>\n\t\t","protected":false},"excerpt":{"rendered":"<p>Arbeiten beim Zirkel Ausbildung und Praktikum In Zusammenarbeit mit verschiedenen Ausbildungsst\u00e4tten bilden wir Heilerziehungspfleger aus. Des Weiteren besteht die M\u00f6glichkeit, das Anerkennungsjahr im Rahmen der Ausbildung zum HEP und des Studiums der Sozialarbeit, Sozialp\u00e4dagogik und Heilp\u00e4dagogik zu leisten. Daneben bieten wir Praktikumspl\u00e4tze f\u00fcr viele Berufsgruppen an. Wir freuen uns stets \u00fcber engagierte Auszubildende und Praktikanten, [&hellip;]<\/p>\n","protected":false},"author":1,"featured_media":0,"parent":307,"menu_order":0,"comment_status":"closed","ping_status":"closed","template":"","meta":{"footnotes":""},"class_list":["post-131","page","type-page","status-publish","hentry"],"_links":{"self":[{"href":"https:\/\/www.zirkel-guetersloh.de\/index.php\/wp-json\/wp\/v2\/pages\/131","targetHints":{"allow":["GET"]}}],"collection":[{"href":"https:\/\/www.zirkel-guetersloh.de\/index.php\/wp-json\/wp\/v2\/pages"}],"about":[{"href":"https:\/\/www.zirkel-guetersloh.de\/index.php\/wp-json\/wp\/v2\/types\/page"}],"author":[{"embeddable":true,"href":"https:\/\/www.zirkel-guetersloh.de\/index.php\/wp-json\/wp\/v2\/users\/1"}],"replies":[{"embeddable":true,"href":"https:\/\/www.zirkel-guetersloh.de\/index.php\/wp-json\/wp\/v2\/comments?post=131"}],"version-history":[{"count":18,"href":"https:\/\/www.zirkel-guetersloh.de\/index.php\/wp-json\/wp\/v2\/pages\/131\/revisions"}],"predecessor-version":[{"id":1467,"href":"https:\/\/www.zirkel-guetersloh.de\/index.php\/wp-json\/wp\/v2\/pages\/131\/revisions\/1467"}],"up":[{"embeddable":true,"href":"https:\/\/www.zirkel-guetersloh.de\/index.php\/wp-json\/wp\/v2\/pages\/307"}],"wp:attachment":[{"href":"https:\/\/www.zirkel-guetersloh.de\/index.php\/wp-json\/wp\/v2\/media?parent=131"}],"curies":[{"name":"wp","href":"https:\/\/api.w.org\/{rel}","templated":true}]}}

<div data-elementor-type="wp-page" data-elementor-id="131" class="elementor elementor-131">
				<div class="aux-parallax-section elementor-element elementor-element-928ea19 e-con-full e-flex e-con e-parent" data-id="928ea19" data-element_type="container" data-e-type="container" data-settings="{&quot;background_background&quot;:&quot;classic&quot;,&quot;_ob_use_container_extras&quot;:&quot;no&quot;,&quot;_ob_column_hoveranimator&quot;:&quot;no&quot;,&quot;_ob_glider_is_slider&quot;:&quot;no&quot;,&quot;_ob_column_has_pseudo&quot;:&quot;no&quot;}">
				</div>
				<section class="elementor-section elementor-top-section elementor-element elementor-element-52b88f2e elementor-section-boxed elementor-section-height-default elementor-section-height-default" data-id="52b88f2e" data-element_type="section" data-e-type="section" data-settings="{&quot;_ob_glider_is_slider&quot;:&quot;no&quot;}">
						<div class="elementor-container elementor-column-gap-default">
					<div class="aux-parallax-section elementor-column elementor-col-100 elementor-top-column elementor-element elementor-element-2e7119af" data-id="2e7119af" data-element_type="column" data-e-type="column" data-settings="{&quot;_ob_column_hoveranimator&quot;:&quot;no&quot;,&quot;_ob_column_has_pseudo&quot;:&quot;no&quot;}">
			<div class="elementor-widget-wrap elementor-element-populated">
						<div class="elementor-element elementor-element-25fc4a19 ob-has-background-overlay elementor-widget elementor-widget-spacer" data-id="25fc4a19" data-element_type="widget" data-e-type="widget" data-settings="{&quot;_ob_spacerat_use&quot;:&quot;no&quot;,&quot;_ob_widget_stalker_use&quot;:&quot;no&quot;,&quot;_ob_poopart_use&quot;:&quot;yes&quot;,&quot;_ob_shadough_use&quot;:&quot;no&quot;,&quot;_ob_allow_hoveranimator&quot;:&quot;no&quot;}" data-widget_type="spacer.default">
				<div class="elementor-widget-container">
							<div class="elementor-spacer">
			<div class="elementor-spacer-inner"></div>
		</div>
						</div>
				</div>
					</div>
		</div>
					</div>
		</section>
		<div class="aux-parallax-section elementor-element elementor-element-63a0abf e-flex e-con-boxed e-con e-parent" data-id="63a0abf" data-element_type="container" data-e-type="container" data-settings="{&quot;_ob_use_container_extras&quot;:&quot;no&quot;,&quot;_ob_column_hoveranimator&quot;:&quot;no&quot;,&quot;_ob_glider_is_slider&quot;:&quot;no&quot;,&quot;_ob_column_has_pseudo&quot;:&quot;no&quot;}">
					<div class="e-con-inner">
		<div class="elementor-element elementor-element-252fe9a e-con-full e-flex e-con e-child" data-id="252fe9a" data-element_type="container" data-e-type="container" data-settings="{&quot;_ob_use_container_extras&quot;:&quot;no&quot;,&quot;_ob_column_hoveranimator&quot;:&quot;no&quot;,&quot;_ob_glider_is_slider&quot;:&quot;no&quot;,&quot;_ob_column_has_pseudo&quot;:&quot;no&quot;}">
				<div class="elementor-element elementor-element-5b5daa6 ob-harakiri-inherit ob-has-background-overlay elementor-widget elementor-widget-heading" data-id="5b5daa6" data-element_type="widget" data-e-type="widget" data-settings="{&quot;_ob_use_harakiri&quot;:&quot;yes&quot;,&quot;_ob_harakiri_writing_mode&quot;:&quot;inherit&quot;,&quot;_ob_harakiri_text_clip&quot;:&quot;none&quot;,&quot;_ob_widget_stalker_use&quot;:&quot;no&quot;,&quot;_ob_poopart_use&quot;:&quot;yes&quot;,&quot;_ob_shadough_use&quot;:&quot;no&quot;,&quot;_ob_allow_hoveranimator&quot;:&quot;no&quot;}" data-widget_type="heading.default">
				<div class="elementor-widget-container">
					<h2 class="elementor-heading-title elementor-size-default">Arbeiten beim Zirkel</h2>				</div>
				</div>
				<div class="elementor-element elementor-element-ab75d5d ob-harakiri-inherit ob-has-background-overlay elementor-widget elementor-widget-heading" data-id="ab75d5d" data-element_type="widget" data-e-type="widget" data-settings="{&quot;_ob_use_harakiri&quot;:&quot;yes&quot;,&quot;_ob_harakiri_writing_mode&quot;:&quot;inherit&quot;,&quot;_ob_harakiri_text_clip&quot;:&quot;none&quot;,&quot;_ob_widget_stalker_use&quot;:&quot;no&quot;,&quot;_ob_poopart_use&quot;:&quot;yes&quot;,&quot;_ob_shadough_use&quot;:&quot;no&quot;,&quot;_ob_allow_hoveranimator&quot;:&quot;no&quot;}" data-widget_type="heading.default">
				<div class="elementor-widget-container">
					<h2 class="elementor-heading-title elementor-size-medium">Ausbildung und Praktikum</h2>				</div>
				</div>
				<div class="elementor-element elementor-element-2f3ff34 ob-harakiri-inherit ob-has-background-overlay elementor-widget elementor-widget-text-editor" data-id="2f3ff34" data-element_type="widget" data-e-type="widget" data-settings="{&quot;_ob_use_harakiri&quot;:&quot;yes&quot;,&quot;_ob_harakiri_writing_mode&quot;:&quot;inherit&quot;,&quot;_ob_postman_use&quot;:&quot;no&quot;,&quot;_ob_widget_stalker_use&quot;:&quot;no&quot;,&quot;_ob_poopart_use&quot;:&quot;yes&quot;,&quot;_ob_shadough_use&quot;:&quot;no&quot;,&quot;_ob_allow_hoveranimator&quot;:&quot;no&quot;}" data-widget_type="text-editor.default">
				<div class="elementor-widget-container">
									<p>In Zusammenarbeit mit verschiedenen Ausbildungsstätten bilden wir Heilerziehungspfleger aus. Des Weiteren besteht die Möglichkeit, das Anerkennungsjahr im Rahmen der Ausbildung zum HEP und des Studiums der Sozialarbeit, Sozialpädagogik und Heilpädagogik zu leisten. Daneben bieten wir Praktikumsplätze für viele Berufsgruppen an. Wir freuen uns stets über engagierte Auszubildende und Praktikanten, die die Arbeit beim Zirkel kennenlernen und unterstützen möchten.</p><h4><br /><strong>Haben Sie Interesse an einer Ausbildung oder einem Praktikum bei uns? </strong></h4><p>Wir freuen uns auf Ihre Bewerbung. Bitte richten Sie Ihre vollständigen und aussagekräftigen Unterlagen an unsere Personalabteilung, Frau Janzen, per Mail an <a href="mailto:a.janzen@zirkel-gt.de">a.janzen@zirkel-gt.de</a></p><p>oder an</p><p><strong>Zirkel Integration gGmbH</strong><br /><strong>z.Hd. Frau Janzen</strong><br /><strong>Saligmannsweg 52</strong><br /><strong>33330 Gütersloh</strong></p>								</div>
				</div>
				</div>
		<div class="elementor-element elementor-element-6b00cbd e-con-full e-flex e-con e-child" data-id="6b00cbd" data-element_type="container" data-e-type="container" data-settings="{&quot;_ob_use_container_extras&quot;:&quot;no&quot;,&quot;_ob_column_hoveranimator&quot;:&quot;no&quot;,&quot;_ob_glider_is_slider&quot;:&quot;no&quot;,&quot;_ob_column_has_pseudo&quot;:&quot;no&quot;}">
				<div class="elementor-element elementor-element-38fc42f ob-has-background-overlay elementor-widget elementor-widget-image" data-id="38fc42f" data-element_type="widget" data-e-type="widget" data-settings="{&quot;_ob_photomorph_use&quot;:&quot;no&quot;,&quot;_ob_widget_stalker_use&quot;:&quot;no&quot;,&quot;_ob_poopart_use&quot;:&quot;yes&quot;,&quot;_ob_shadough_use&quot;:&quot;no&quot;,&quot;_ob_allow_hoveranimator&quot;:&quot;no&quot;}" data-widget_type="image.default">
				<div class="elementor-widget-container">
															<img fetchpriority="high" decoding="async" width="720" height="960" src="https://www.zirkel-guetersloh.de/wp-content/uploads/2020/10/Ausbildung-und-Praktikum2.jpg" class="attachment-full size-full wp-image-587" alt="" />															</div>
				</div>
				</div>
					</div>
				</div>
		<div class="aux-parallax-section elementor-element elementor-element-ed3190a e-flex e-con-boxed e-con e-parent" data-id="ed3190a" data-element_type="container" data-e-type="container" data-settings="{&quot;_ob_use_container_extras&quot;:&quot;no&quot;,&quot;_ob_column_hoveranimator&quot;:&quot;no&quot;,&quot;_ob_glider_is_slider&quot;:&quot;no&quot;,&quot;_ob_column_has_pseudo&quot;:&quot;no&quot;}">
					<div class="e-con-inner">
		<div class="elementor-element elementor-element-42773c6 e-flex e-con-boxed e-con e-child" data-id="42773c6" data-element_type="container" data-e-type="container" data-settings="{&quot;_ob_use_container_extras&quot;:&quot;no&quot;,&quot;_ob_column_hoveranimator&quot;:&quot;no&quot;,&quot;_ob_glider_is_slider&quot;:&quot;no&quot;,&quot;_ob_column_has_pseudo&quot;:&quot;no&quot;}">
					<div class="e-con-inner">
				<div class="elementor-element elementor-element-7ca9aa5 ob-harakiri-inherit ob-has-background-overlay elementor-widget elementor-widget-text-editor" data-id="7ca9aa5" data-element_type="widget" data-e-type="widget" data-settings="{&quot;_ob_use_harakiri&quot;:&quot;yes&quot;,&quot;_ob_harakiri_writing_mode&quot;:&quot;inherit&quot;,&quot;_ob_postman_use&quot;:&quot;no&quot;,&quot;_ob_widget_stalker_use&quot;:&quot;no&quot;,&quot;_ob_poopart_use&quot;:&quot;yes&quot;,&quot;_ob_shadough_use&quot;:&quot;no&quot;,&quot;_ob_allow_hoveranimator&quot;:&quot;no&quot;}" data-widget_type="text-editor.default">
				<div class="elementor-widget-container">
									<p>Wir freuen uns auch immer über ehrenamtliche Helfer! Wenn Sie sich engagieren möchten, rufen Sie uns an. Ihre Zeit ist beim Zirkel Gütersloh sinnvoll eingesetzt!<br />Zögern Sie nicht, wir freuen uns, Sie kennen zu lernen.</p>								</div>
				</div>
					</div>
				</div>
					</div>
				</div>
		<div class="aux-parallax-section elementor-element elementor-element-7a86fc5 e-flex e-con-boxed e-con e-parent" data-id="7a86fc5" data-element_type="container" data-e-type="container" data-settings="{&quot;_ob_use_container_extras&quot;:&quot;no&quot;,&quot;_ob_column_hoveranimator&quot;:&quot;no&quot;,&quot;_ob_glider_is_slider&quot;:&quot;no&quot;,&quot;_ob_column_has_pseudo&quot;:&quot;no&quot;}">
					<div class="e-con-inner">
				<div class="elementor-element elementor-element-97d8035 ob-has-background-overlay elementor-widget elementor-widget-spacer" data-id="97d8035" data-element_type="widget" data-e-type="widget" data-settings="{&quot;_ob_spacerat_use&quot;:&quot;no&quot;,&quot;_ob_widget_stalker_use&quot;:&quot;no&quot;,&quot;_ob_poopart_use&quot;:&quot;yes&quot;,&quot;_ob_shadough_use&quot;:&quot;no&quot;,&quot;_ob_allow_hoveranimator&quot;:&quot;no&quot;}" data-widget_type="spacer.default">
				<div class="elementor-widget-container">
							<div class="elementor-spacer">
			<div class="elementor-spacer-inner"></div>
		</div>
						</div>
				</div>
					</div>
				</div>
				</div>

<p>Arbeiten beim Zirkel Ausbildung und Praktikum In Zusammenarbeit mit verschiedenen Ausbildungsstätten bilden wir Heilerziehungspfleger aus. Des Weiteren besteht die Möglichkeit, das Anerkennungsjahr im Rahmen der Ausbildung zum HEP und des Studiums der Sozialarbeit, Sozialpädagogik und Heilpädagogik zu leisten. Daneben bieten wir Praktikumsplätze für viele Berufsgruppen an. Wir freuen uns stets über engagierte Auszubildende und Praktikanten, [&hellip;]</p>
